8
Suppose 89 - 93 = -n. Suppose 5*v + 0*p = 2*p + 596, -n*v + 460 = 4*p. What is the units digit of v?
8
Let a(w) = -1 - 2*w**3 - 10*w**2 + 12*w**2 + 5*w**3. Let s be a(1). Suppose 5*y = 2*x + 68, -3*y = 2*y + s*x - 74. What is the units digit of y?
4
Let t = 974 - 665. Suppose 869 = 8*n + t. What is the units digit of n?
0
Let h = -30 - -21. Let b = 8 + h. What is the units digit of -1*b/(-2)*-2?
1
Let l = 20 + 13. Suppose -l + 211 = 4*k + 3*u, -6 = 3*u. What is the tens digit of k?
4
What is the units digit of ((-36)/10)/(-3) - 4/20?
1
Let f = 2232 - 686. What is the thousands digit of f?
1
Let u(n) = 5*n - 14. Let x = -13 - -19. What is the tens digit of u(x)?
1
Let t be (-3)/18 - 53/6. Let i = 17 + t. Suppose 7*w = 3*w + 2*b, -i = 2*w - 5*b. What is the units digit of w?
1
What is the hundreds digit of 27920/24 - ((-50)/(-15) - 3)?
1
Let s(g) = g**3 + 3*g**2 + 54*g + 68. What is the thousands digit of s(11)?
2
Let i(s) = 509*s + 3. Let k be i(-2). Suppose -2 = -2*z - 2*x, -3*x + 1 = -z + 6. What is the units digit of z/5 - k/25?
1
Suppose -b - q - 2749 = -4*b, 5*b - 4555 = -5*q. What is the tens digit of b?
1
Suppose -5*k + 3863 = 3*s, 4*k - 3991 = -2*s - 901. What is the hundreds digit of k?
7
Let d(l) = -l**2 - 6*l + 10. Let v be d(-7). Suppose -v*c + 189 = -0*s - 3*s, 2*c + 5*s - 133 = 0. What is the units digit of c?
4
Let v(s) = -4*s**3 + 1. Let z be v(1). Let u be (-3 - 4) + 1 - z. What is the units digit of (-11)/(-3) - 1/u?
4
Let t be (4/(-6))/((-13)/(37401/(-14))). Let c = 267 + t. What is the units digit of c?
0
Let a(p) = p + 1. Let f(d) = -5*d - 8. Let u(w) = -4*a(w) - f(w). Let n be u(0). What is the tens digit of n + -3 + (-78)/(-3)?
2
Suppose 5*h + 774 - 3974 = 0. Suppose 0 = -3*a - 2*a + h. What is the units digit of a?
8
Suppose 4*m + 5*n - 4*n - 3 = 0, 5*n = -5. Suppose -3*s + 2*s = -m. What is the tens digit of s/(-2)*25*-2?
2
Let b(f) = 3*f + 3. Let k be b(11). Suppose 2*r + k = r. Let t = 55 + r. What is the units digit of t?
9
Suppose 14*u - 13*u = -2. What is the hundreds digit of ((-113)/u + 4/4)*4?
2
Suppose 0 = 3*i - 41*t + 42*t - 367, 0 = -4*i - 5*t + 504. What is the tens digit of i?
2
Let g(u) = u**2 - 3*u + 4. Let r be g(2). Suppose -r = l + 23. Let z = l + 33. What is the units digit of z?
8
Suppose -2*r + 73 - 1371 = -2*z, 0 = z + r - 651. What is the hundreds digit of z?
6
Let i = 15 + 7. Suppose -2*r = -i - 62. What is the units digit of r?
2
Let d be (-4 - -3)*3*-1. Suppose 0*x + d*x = 12. What is the units digit of x?
4
Let p(c) = -3*c. Let o be p(0). Let q(v) = v**2 - 2*v + 89. What is the tens digit of q(o)?
8
Let i(f) = 3*f - 9. Let u(o) = -8*o + 28. Let k(a) = -7*i(a) - 2*u(a). What is the tens digit of k(-12)?
6
Let l(r) = r**3 + 6*r**2 - r - 8. Let p be l(-6). What is the units digit of (p + 6/4)*-6?
3
Let b be 4 - (-3 + 7) - -4. Suppose i - 2*n + 0*n = 14, 36 = 3*i - b*n. What is the units digit of i?
8
Let w(g) = -g - 38. Let z be w(0). Let i = -17 - z. Suppose 0 = 2*f - i + 9. What is the units digit of f?
6
Let s = -251 + 357. Let m = s + -30. Let f = -26 + m. What is the tens digit of f?
5
Suppose 0 = -l + 2*l + 4. Let r be l - 1/((-2)/12). Let u(d) = 2*d**3 + d**2 - d - 2. What is the tens digit of u(r)?
1
Suppose -4*z - 21 + 85 = -4*d, 4*z = -2*d + 58. Suppose 3*y + 2*y - z = 0. Suppose y*x + 6 = 21. What is the units digit of x?
5
Suppose 64*x = 87*x - 39629. What is the units digit of x?
3
Let w = 7 + -43. Let i = 20 + -33. Let y = i - w. What is the tens digit of y?
2
Let a = 27 + -27. Suppose a = q + n - 57, 5*n = -0*n - 25. What is the tens digit of q?
6
What is the units digit of (-285588)/(-72) - 1/(-2)?
7
Let r = -815 + 1177. What is the units digit of r?
2
Let i(b) = -4*b**3 + 9*b**2 + 4*b + 1. What is the tens digit of i(-4)?
8
Suppose 3*n - 6570 + 942 = 3*p, -n + 4*p + 1861 = 0. What is the units digit of n?
1
Let a = -4678 - -8215. What is the units digit of a?
7
Let q = 23 + -13. Suppose 0 = -3*a - 2*a + q. Let l(h) = h**3 + h + 1. What is the tens digit of l(a)?
1
What is the thousands digit of ((-15)/(-20))/(2/8440)?
3
Suppose -8233 - 7682 = -15*t. What is the tens digit of t?
6
Suppose -4*o - 8 = -16. Suppose -9*f = o*f - 1474. What is the units digit of f?
4
Let l(g) = -g**3 + 11*g**2 + 4*g + 13. Suppose 7 + 4 = a. Let n be l(a). Suppose 0 = 2*m + m - n. What is the units digit of m?
9
Let i be 5 + -1 + (1 - 1). Suppose -4*v - i = -8*v. What is the tens digit of (v/3)/(4/276)?
2
Let l(a) = 3*a**2 + 6*a - 14. Let g be l(2). Let w(o) = 10*o + 5*o**2 + o**3 + 19 - 16*o**2 - 8. What is the tens digit of w(g)?
1
Let h = -1444 - -745. Let w be h*3/(-9) + -1. Suppose -5*l + w = -l. What is the tens digit of l?
5
Let a = -1457 - -4065. What is the units digit of a?
8
Let b(z) = -z + 6. Let x(f) = -f + 5. Let n(y) = 2*b(y) - 3*x(y). What is the units digit of n(6)?
3
Let f = -20 + 46. Let a = f - 22. Suppose -a*y = -0*y - 84. What is the units digit of y?
1
Let l be ((-147)/(-28))/((-6)/(-112)). Suppose -4*g = l + 62. What is the tens digit of 288/(-30)*g/6?
6
Let j = 18 - 4. Let x(t) = -10*t - 10. Let n be x(-4). Let a = n - j. What is the tens digit of a?
1
Let t be 144/10 - (-12)/20. Let j = t - 15. Suppose j*a - a = -20. What is the units digit of a?
0
Suppose 0 = 3*l - 15, w - 3*l = 6*w - 8255. What is the units digit of w?
8
Let z(x) = -x**3 + 15*x**2 - 16*x + 30. Let c be z(14). Suppose c*p = -2*d + 70, -2*d + 6*d = p - 40. What is the units digit of p?
6
Let q(j) = -j**3 + 39*j**2 + 38*j + 85. Let y be q(40). Let c = 51 + -29. What is the units digit of c - (4 - (y - 3))?
0
Let c(w) = w**2. Let g(h) = -4*h**3 - 2*h**2 - 9*h - 5. Let p(a) = -3*c(a) + g(a). What is the units digit of p(-2)?
5
Suppose -6792 = -16*j + 4664. What is the units digit of j?
6
Let d be (-2)/(-12) - (-6)/(-36) - -3. Suppose -5*u - d*u = -152. What is the tens digit of u?
1
Let s = -7 - -10. Suppose -2*a + 4 = p - 0*a, -2*a = -p + 20. Suppose s*d - p = -h, h + h = -d + 34. What is the tens digit of h?
1
Let f(o) be the third derivative of 3*o**4/8 + o**3/3 - 19*o**2. Suppose -l - x = -4, 4*l + 4*x = -l + 18. What is the tens digit of f(l)?
2
Let w = -586 - -846. What is the hundreds digit of w?
2
What is the thousands digit of 8 + 2875 + (3 - -5)?
2
Let t = 5103 + -2728. What is the thousands digit of t?
2
What is the tens digit of (0 - 0) + (3 - (-3 + -6))?
1
Let u(c) = 8*c**2 + 48*c - 16. What is the units digit of u(-7)?
0
Let u(h) = 13*h**2 + 24*h + 57. What is the hundreds digit of u(-9)?
8
Let h = -35 - -39. Suppose h*i = -2*c + c + 15, 2*c - 18 = -5*i. Suppose i*u + 78 = o, -o - 2*u + 46 = 2*u. What is the tens digit of o?
6
Let n(v) = -3*v**3 + 2*v**2 + 2*v + 1. Let u be n(-1). Suppose -49 + u = 5*f. Let j = f - -13. What is the units digit of j?
4
Let a(b) = -b**3 - 5*b**2 - 5*b - 7. Let i be a(-5). Let r = 18 - i. Suppose 5*m - 10 - 15 = r. What is the units digit of m?
5
Let j = -3359 + 6112. What is the tens digit of j?
5
Let v(a) = a**2 + 7*a + 11. Let c be v(-11). Suppose d - 33 = c. What is the units digit of d?
8
What is the units digit of (28/(-10))/((-182)/260)?
4
Let i be (-9)/(-1)*3/9. Let v be 10/(-3 - (i - 7)). Suppose -2*w - 89 = -3*c - w, 0 = -2*w - v. What is the tens digit of c?
2
Let d be -2 + 4 + -5 + (0 - -34). Suppose -d = -q - 0. What is the units digit of q?
1
Suppose 2*j + 3*t - 6 + 2 = 0, 5*j - 48 = 2*t. Suppose 0 = 3*m - 5*k - 61, -j*m - k = -3*m - 111. Suppose -m = -5*f + 18. What is the units digit of f?
8
What is the units digit of (751*(2 - 1))/((-93)/(-93))?
1
Let u(k) be the third derivative of k**5/60 + k**4/2 + 5*k**3/2 - 16*k**2. What is the units digit of u(6)?
3
Let d(z) = -3*z**2 + 4*z**2 - 64*z**3 - 4*z**2 + 5*z**2 - 1. What is the units digit of d(-1)?
5
Let d(h) = -2*h**2 - 7*h - 12. Let t(i) = -i - 1. Let z(q) = -d(q) + 4*t(q). What is the units digit of z(4)?
2
What is the tens digit of 2*((-9)/12)/((-21)/5278)?
7
Let u(n) = -n**2 - 4*n. Let s be u(-3). Suppose 68 = 4*m - l, 0 = -s*m - 4*l - l + 74. Suppose 2*f + m = -4*v + 102, 4*v = f - 18. What is the tens digit of f?
3
Let d(u) = 9*u + 37. Let o be d(4). Let g = 31 + -11. Suppose 0 = 3*l - g - o. What is the tens digit of l?
3
Let s(l) = -5*l**2 + 9*l + 0*l - 6 - l**2 - l**3. Let n be (-13)/(2